/(25/110)*-1?
2
Let b be -6 + 2 + 3 + 5. Let h(x) = 5*x**2 - 1. Let w be h(-1). Suppose v - 6 = w*z, 0*v + b*v - 24 = -4*z. What is the units digit of v?
6
Let r be ((1 - -4)*-1)/(-1). Let z = -9 - r. What is the units digit of (-1)/4*2*z?
7
What is the tens digit of 72*(-9 - -5)/(-8)?
3
Let h(y) = y**2 + 4*y - 8. Let p be h(-6). Let w = p + -4. What is the units digit of w + 0 - (-3 - 4)?
7
Let q(v) = 2*v + 3. Let j(d) = -d**2 + 3*d + 1. Let h be j(4). Let w be q(h). What is the units digit of -1 - w - (-6)/2?
5
Suppose -5*z + 45 = -0*z. What is the units digit of z?
9
Suppose f - i = 5*f - 18, -3*f - i = -13. Suppose 2*j + a + 39 = 4*j, 35 = 2*j - f*a. What is the units digit of j?
0
Let m be (-315)/(-20) - 1/(-4). Let o be 0 + 3 - m/2. What is the units digit of (-26)/(o - -2 - -1)?
3
Let p = -7 + 9. Suppose -m - 10 = -p*m. What is the tens digit of m?
1
Suppose 0 = -3*j - 2*j + 20. Suppose 4*s = j*v - 56, 5*v - 11 = -2*s - 4. What is the units digit of 3/s - 7/(-3)?
2
Let n = -3 + 7. What is the units digit of (-3)/(-12) - (-27)/n?
7
Let w(l) = l**2 - 5*l + 1. Let f be w(5). Suppose -2*b + f = -b. What is the units digit of (b/2)/(4/64)?
8
Suppose 0 = -2*j - 2 - 2, i = -4*j - 26. Let y be ((-30)/i)/((-2)/(-6)). Suppose -1 = y*b - 16. What is the units digit of b?
3
Let a = 67 - 25. What is the units digit of 4/3*a/7?
8
Let a = -26 + 66. What is the units digit of a?
0
Suppose 7 = 4*l - 5. Suppose -l*c = c. Suppose -2*x + 10 + 8 = c. What is the units digit of x?
9
Let i(q) = -q**3 - 8*q**2 + 8*q - 4. Let n be i(-9). Suppose 2*m + 63 = n*m. What is the tens digit of m?
2
Suppose 0 = -7*v + 875 + 448. What is the tens digit of v?
8
What is the units digit of (12 - 2) + 3 + -3?
0
Let y(a) = 26*a + 4. Let z be y(4). Suppose 0 = -5*u + z - 18. What is the tens digit of u?
1
What is the units digit of 0 + (3 - -4) - 3?
4
Let v be -21 - (-4 - (1 + -4)). Let w = 35 + v. What is the units digit of w?
5
Let c(d) = -d**3 - 2*d**2 + d - 4. Let k be c(-3). Suppose -2*q = -k*o + 2*q - 16, 4*o + 2*q + 72 = 0. Let l = 24 + o. What is the units digit of l?
8
What is the units digit of (2 - 1) + (1 - -3)?
5
Let k = -2 + 4. Suppose k - 37 = 5*z. What is the units digit of (1 + z)*(-2)/3?
4
Suppose 2*n = n. Let l = n + 4. Suppose -l*a = -0*a - 16. What is the units digit of a?
4
Suppose 2*o - 4*m + 8 = 0, -6*o - 2*m + 34 = -2*o. What is the units digit of (3 - 1)/(4/o)?
3
Let s(m) = m**2 - 3*m - 2. Let v be s(5). Suppose -q + 2*y = -8, -y - v = 3*q - 60. What is the units digit of q?
6
What is the tens digit of (-18)/126 - 7/((-49)/624)?
8
Let y(m) = 3*m - 5. What is the units digit of y(8)?
9
Let i(y) = -39*y - 12. Let r(g) = -3*g - 1. Let m(k) = -2*i(k) + 27*r(k). Suppose -4*a + 5*v = 1, 5*v = 5*a + 2 + 3. What is the units digit of m(a)?
9
Let o(h) = 2 - 1 - 4*h**2 + 4 - 4. Let u be o(1). Let k = u - -14. What is the tens digit of k?
1
Let m = 33 + 33. Suppose c + c - m = 0. What is the tens digit of c?
3
Let z be (-19)/38 - (-11)/2. Suppose 5*a = -z*c + 225, -3*c = 4*a - 118 - 60. What is the units digit of a?
3
Let r(w) = 2 - 6 + 1 + 4*w + 4. Let b(k) = -3*k**3 + k. Let i be b(-1). What is the units digit of r(i)?
9
Suppose 5*t = -4*f + 49, 0 = -2*f - 0*f - 4*t + 32. What is the units digit of f?
6
Let d(v) = -v**3 + 9*v**2 - 8*v - 1. What is the tens digit of d(6)?
5
Suppose 3*l = -4*j - 10, 7*l = 3*l + 5*j + 28. Suppose -9*y = -8*y - l. What is the units digit of y?
2
Let m(v) = 3*v**2 - 1. Let u(z) = z + 9. Let l(p) = -2*p - 17. Let r(y) = -3*l(y) - 5*u(y). Let w be r(-5). What is the units digit of m(w)?
2
Let l = 252 - -45. What is the tens digit of l?
9
Let t(u) = -u + 1. Let r be t(-11). Let m = -3 + r. What is the units digit of m?
9
What is the tens digit of 4/7 + (-1291)/(-7)?
8
Let p = -20 - -34. What is the units digit of p?
4
What is the tens digit of (6 - 13/2)/((-1)/82)?
4
Let v(q) = -2*q - 2. Let k be v(-2). What is the units digit of k + (3*-1)/(-3)?
3
Let r(u) = -4*u - 7. Let j be r(-9). Suppose -c = -3*c + 42. Let v = j - c. What is the units digit of v?
8
Let q = -12 - -12. Suppose 2*w - 38 + 8 = q. What is the units digit of w?
5
Let s = -52 + 130. What is the units digit of s?
8
Suppose -5 = 5*c, -5 + 19 = 3*j - 5*c. Suppose -j*t + 10 = -t. What is the units digit of t?
5
Suppose 1 = -3*p + 4*p. Let y(m) = 0*m - 2*m + 6*m**2 + 3*m. What is the units digit of y(p)?
7
What is the units digit of (8/(-3))/((-18)/135)?
0
Let d(v) = v**3 - 8*v**2 - v + 8. Let y be d(8). Suppose y = -3*c + 2*c + 2. What is the units digit of 8*(-3)/(-6) + c?
6
Let z(i) = -21*i**3 + 3*i**2 + 7*i - 1. What is the tens digit of z(-2)?
6
Suppose s + 8*s = 2232. What is the tens digit of s?
4
Suppose -5*l - 7*x - 35 = -2*x, 0 = 5*x + 5. Let b be (2/(-3))/(l/45). Suppose b*j + 3*y - 7 = 4*y, -3 = -y. What is the units digit of j?
2
Let g = -7 - -11. Suppose q - g*d + 5 = -2*d, q - 5*d = -17. What is the units digit of q?
3
Let t(l) = -10*l - 37. What is the tens digit of t(-8)?
4
Let w = 5 + -2. Suppose w*r + k + 20 = 0, 2*k + 20 = -r + 5. What is the units digit of 0 + 3 + (r - -3)?
1
Suppose 228 = -2*w + 6*w. What is the units digit of w?
7
Let x(o) = -2*o + 10. Let p be x(5). Suppose -5*g - 3 + 148 = p. What is the units digit of g?
9
Let z = -14 + 41. Let r = 6 + z. What is the tens digit of r?
3
Let t be (-2)/(-4) - 5/(-2). Suppose -5*w + t*w + 12 = 0. What is the units digit of w?
6
Suppose -3*t = -3*r + 189, 5*r - 63 = 4*r + 5*t. What is the tens digit of r?
6
Let a(y) = -81*y + 6. What is the tens digit of a(-1)?
8
What is the tens digit of ((-1)/(-1))/(3/75)?
2
Suppose 5*h + 0*h - 200 = 0. What is the units digit of h?
0
Let r be (-4)/6 + 20/(-6). Let g be 27/(-6)*r/6. Suppose -g*x = -2 - 16. What is the units digit of x?
6
Let d = 40 + 6. Suppose -5*p = -2*v + d, v - 5*p - 100 = -4*v. What is the tens digit of v?
1
Let d(y) = -y**2 + 6*y + 1. What is the units digit of d(5)?
6
Let s = 16 - -42. What is the tens digit of s?
5
Suppose -5*q = 7 - 27. Suppose 3*k - 5 = q. What is the units digit of k?
3
Let y(j) = -j**3 + 8*j**2 + 12*j + 12. What is the units digit of y(9)?
9
Suppose 2*k + 29 = -21. What is the tens digit of (15/k)/(1/(-25))?
1
Let g = -69 - -108. Suppose -k - 4*k + 15 = 0. Suppose g + 12 = k*t. What is the units digit of t?
7
Let w be (-4)/6 + (-220)/(-6). Suppose 2*c + w = 3*l - 2*c, -2*l = c - 13. What is the units digit of l + (0 + 1 - 0)?
9
Let c = -2 + 23. Let a be (2/5)/((-5)/175). Let h = a + c. What is the units digit of h?
7
Let g = 5 - 2. Suppose -m = g*m - 60. What is the units digit of m?
5
Let m(p) = 10*p**2 + p + 6. What is the units digit of m(-3)?
3
Let b = 5 + -1. Suppose 3*j + 45 = 3*h, 3*j - 23 + b = -h. What is the tens digit of h?
1
Let n be 1 + 1 + -2 + 0. Suppose -w + 5*w - 52 = n. What is the tens digit of w?
1
Let d(u) = u**3 + 8*u**2 + 8*u - 3. Let n be d(-6). Suppose 4*r - 20 = -0*r, 2*z = -r + n. What is the units digit of z?
8
Suppose 3*i + 3*i = 468. What is the units digit of i?
8
Suppose -6 = -2*r - 0*r. Suppose -r = 5*l - 23. What is the units digit of l?
4
Let y be (-1 - (-19)/(-3))*-3. Suppose 0 = 3*j - 5*j + y. What is the units digit of j?
1
Let f(i) = i**3 + i**2 - 5. What is the tens digit of f(4)?
7
Let n(m) be the second derivative of m**3/2 + m**2 - 2*m. What is the units digit of n(2)?
8
Let b = 6 - 4. Suppose 0 = b*v - 22 + 4. What is the units digit of ((-16)/(-6))/(6/v)?
4
Suppose v = 2*z + 33, -4*z - 136 = 3*v - 7*v. What is the units digit of v?
5
Let c be 3/(-2)*(-4 + -16). Suppose -3*n = -n - c. What is the units digit of n?
5
Let t(s) = -s**3 + 3*s**2 - 5*s - 7. What is the tens digit of t(-3)?
6
Suppose -71 = -6*l + 697. What is the tens digit of l?
2
What is the hundreds digit of (-6 + (-114)/9)*15/(-2)?
1
Let m(l) be the third derivative of l**5/60 + l**4/8 + l**3/3 + 3*l**2. What is the units digit of m(-3)?
2
Suppose -5*q + 49 = 9. Suppose 4*z + 0*z + q = 0. What is the units digit of (-18)/4*z/3?
3
Let a = 16 - 8. What is the units digit of a?
8
Let x(f) = -f**2 + 18*f - 13. What is the tens digit of x(13)?
5
Let p = 147 - -17. What is the hundreds digit of p?
1
Suppose 12 = -3*t - t. Let h(i) = -12*i - 2. Let f be h(t). Let a = f - 24. What is the tens digit of a?
1
Suppose -4